1?
70
Calculate the remainder when 1986 is divided by 4.
2
What is the remainder when 123 is divided by 31?
30
What is the remainder when 103 is divided by 60?
43
Calculate the remainder when 678 is divided by 44.
18
Calculate the remainder when 229 is divided by 103.
23
Calculate the remainder when 2048 is divided by 186.
2
What is the remainder when 4320 is divided by 36?
0
What is the remainder when 27 is divided by 16?
11
Calculate the remainder when 427 is divided by 74.
57
What is the remainder when 123 is divided by 68?
55
Calculate the remainder when 2251 is divided by 41.
37
What is the remainder when 15 is divided by 2?
1
Calculate the remainder when 7468 is divided by 249.
247
Calculate the remainder when 1542 is divided by 42.
30
Calculate the remainder when 907 is divided by 208.
75
Calculate the remainder when 1594 is divided by 49.
26
What is the remainder when 168 is divided by 29?
23
What is the remainder when 250 is divided by 23?
20
Calculate the remainder when 286 is divided by 16.
14
Calculate the remainder when 2285 is divided by 25.
10
What is the remainder when 41 is divided by 4?
1
Calculate the remainder when 266 is divided by 39.
32
Calculate the remainder when 1772 is divided by 71.
68
What is the remainder when 2163 is divided by 443?
391
Calculate the remainder when 122 is divided by 27.
14
What is the remainder when 47 is divided by 44?
3
What is the remainder when 427 is divided by 140?
7
Calculate the remainder when 87 is divided by 15.
12
Calculate the remainder when 366 is divided by 32.
14
What is the remainder when 386 is divided by 192?
2
Calculate the remainder when 309 is divided by 12.
9
What is the remainder when 46 is divided by 22?
2
Calculate the remainder when 42 is divided by 22.
20
What is the remainder when 317 is divided by 23?
18
What is the remainder when 63 is divided by 28?
7
Calculate the remainder when 16361 is divided by 18.
17
What is the remainder when 330 is divided by 37?
34
Calculate the remainder when 354 is divided by 63.
39
Calculate the remainder when 311 is divided by 72.
23
What is the remainder when 361 is divided by 120?
1
Calculate the remainder when 1313 is divided by 146.
145
What is the remainder when 3574 is divided by 10?
4
What is the remainder when 3589 is divided by 171?
169
What is the remainder when 2157 is divided by 15?
12
Calculate the remainder when 53 is divided by 18.
17
Calculate the remainder when 3909 is divided by 488.
5
What is the remainder when 270 is divided by 120?
30
Calculate the remainder when 256 is divided by 22.
14
What is the remainder when 1545 is divided by 30?
15
What is the remainder when 51 is divided by 22?
7
Calculate the remainder when 84 is divided by 43.
41
What is the remainder when 1312 is divided by 84?
52
What is the remainder when 578 is divided by 287?
4
Calculate the remainder when 297 is divided by 107.
83
What is the remainder when 17 is divided by 6?
5
Calculate the remainder when 10175 is divided by 7.
4
Calculate the remainder when 415 is divided by 137.
4
What is the remainder when 501 is divided by 14?
11
What is the remainder when 204 is divided by 19?
14
Calculate the remainder when 106 is divided by 12.
10
Calculate the remainder when 402 is divided by 37.
32
Calculate the remainder when 247 is divided by 125.
122
Calculate the remainder when 278 is divided by 56.
54
Calculate the remainder when 244 is divided by 18.
10
Calculate the remainder when 41 is divided by 17.
7
What is the remainder when 27 is divided by 13?
1
What is the remainder when 254 is divided by 81?
11
What is the remainder when 1213 is divided by 237?
28
What is the remainder when 122 is divided by 41?
40
What is the remainder when 57 is divided by 20?
17
What is the remainder when 12303 is divided by 6?
3
Calculate the remainder when 3598 is divided by 23.
10
Calculate the remainder when 75 is divided by 28.
19
Calculate the remainder when 744 is divided by 256.
232
What is the remainder when 197 is divided by 91?
15
What is the remainder when 373 is divided by 17?
16
What is the remainder when 417 is divided by 141?
135
Calculate the remainder when 271 is divided by 45.
1
What is the remainder when 595 is divided by 67?
59
Calculate the remainder when 866 is divided by 62.
60
What is the remainder when 711 is divided by 233?
12
What is the remainder when 26468 is divided by 103?
100
Calculate the remainder when 104 is divided by 18.
14
What is the remainder when 685 is divided by 53?
49
Calculate the remainder when 36 is divided by 20.
16
Calculate the remainder when 694 is divided by 117.
109
What is the remainder when 232 is divided by 98?
36
Calculate the remainder when 697 is divided by 70.
67
What is the remainder when 334 is divided by 5?
4
What is the remainder when 2475 is divided by 59?
56
Calculate the remainder when 1910 is divided by 100.
10
What is the remainder when 5457 is divided by 130?
127
Calculate the remainder when 713 is divided by 14.
13
What is the remainder when 652 is divided by 41?
37
Calculate the remainder when 78 is divided by 12.
6
Calculate the remainder when 12273 is divided by 132.
129
What is the remainder when 114 is divided by 18?
6
Calculate the remainder when 119 is divided by 43.
33
Calculate the remainder when 128 is divided by 54.
20
Calculate the remainder when 88 is divided by 23.
19
What is the remainder when 745 is divided by 737?
8
Calculate the remainder when 28 is divided by 8.
4
What is the remainder when 1067 is divided by 456?
155
What is the remainder when 534 is divided by 178?
0
What is the remainder when 814 is divided by 98?
30
Calculate the remainder when 249 is divided by 212.
37
What is the remainder when 365 is divided by 89?
9
Calculate the remainder when 229 is divided by 29.
26
What is the remainder when 2686 is divided by 21?
19
Calculate the remainder when 116 is divided by 11.
6
Calculate the remainder when 370 is divided by 17.
13
What is the remainder when 569 is divided by 5?
4
What is the remainder when 693 is divided by 246?
201
Calculate the remainder when 253 is divided by 97.
59
Calculate the remainder when 45 is divided by 5.
0
What is the remainder when 337 is divided by 19?
14
What is the remainder when 86 is divided by 44?
42
What is the remainder when 419 is divided by 60?
59
What is the remainder when 3778 is divided by 108?
106
What is the remainder when 339 is divided by 251?
88
What is the remainder when 82 is divided by 56?
26
Calculate the remainder when 363 is divided by 32.
11
What is the remainder when 159 is divided by 21?
12
What is the remainder when 330 is divided by 72?
42
Calculate the remainder when 511 is divided by 247.
17
What is the remainder when 185 is divided by 63?
59
What is the remainder when 79 is divided by 12?
7
What is the remainder when 14990 is divided by 17?
13
What is the remainder when 48 is divided by 4?
0
What is the remainder when 101 is divided by 15?
11
What is the remainder when 606 is divided by 494?
112
Calculate the remainder when 69 is divided by 15.
9
What is the remainder when 669 is divided by 12?
9
Calculate the remainder when 487 is divided by 12.
7
Calculate the remainder when 167 is divided by 34.
31
What is the remainder when 1685 is divided by 8?
5
What is the remainder when 257 is divided by 239?
18
What is the remainder when 46959 is divided by 80?
79
What is the remainder when 749 is divided by 13?
8
What is the remainder when 11242 is divided by 749?
7
What is the remainder when 1222 is divided by 36?
34
Calculate the remainder when 59 is divided by 55.
4
Calculate the remainder when 36 is divided by 27.
9
What is the remainder when 23 is divided by 14?
9
What is the remainder when 108 is divided by 19?
13
Calculate the remainder when 443 is divided by 64.
59
Calculate the remainder when 75 is divided by 26.
23
What is the remainder when 37 is divided by 2?
1
Calculate the remainder when 1272 is divided by 628.
16
What is the remainder when 473 is divided by 28?
25
Calculate the remainder when 50 is divided by 26.
24
Calculate the remainder when 198 is divided by 94.
10
Calculate the remainder when 802 is divided by 262.
16
What is the remainder when 134 is divided by 28?
22
What is the remainder when 24